{"id":100,"date":"2025-03-22T16:37:07","date_gmt":"2025-03-22T14:37:07","guid":{"rendered":"https:\/\/dtf-print.hr\/?page_id=100"},"modified":"2025-03-22T19:39:37","modified_gmt":"2025-03-22T17:39:37","slug":"proizvodi","status":"publish","type":"page","link":"https:\/\/dtf-print.hr\/index.php\/proizvodi\/","title":{"rendered":"Proizvodi"},"content":{"rendered":"\n<p style=\"font-size:22px\">U na\u0161oj ponudi prona\u0107i \u0107ete sve \u0161to vam treba za personalizirane poklone, promotivne proizvode ili vlastite ideje \u2013 tisak na \u0161alice, tekstil, platnene vre\u0107ice, kape i jo\u0161 mnogo toga.<\/p>\n\n\n\n<div style=\"height:35px\" aria-hidden=\"true\" class=\"wp-block-spacer\"><\/div>\n\n\n\n<h3 class=\"wp-block-heading\">Majice<\/h3>\n\n\n\n<figure class=\"wp-block-gallery has-nested-images columns-default is-cropped wp-block-gallery-1 is-layout-flex wp-block-gallery-is-layout-flex\">\n<figure class=\"wp-block-image size-large\"><img loading=\"lazy\" decoding=\"async\" width=\"1024\" height=\"768\" data-id=\"110\" src=\"https:\/\/dtf-print.hr\/wp-content\/uploads\/2025\/03\/IMG_20250320_123816-1024x768.jpg\" alt=\"\" class=\"wp-image-110\" srcset=\"https:\/\/dtf-print.hr\/wp-content\/uploads\/2025\/03\/IMG_20250320_123816-1024x768.jpg 1024w, https:\/\/dtf-print.hr\/wp-content\/uploads\/2025\/03\/IMG_20250320_123816-300x225.jpg 300w, https:\/\/dtf-print.hr\/wp-content\/uploads\/2025\/03\/IMG_20250320_123816-768x576.jpg 768w, https:\/\/dtf-print.hr\/wp-content\/uploads\/2025\/03\/IMG_20250320_123816-1536x1152.jpg 1536w, https:\/\/dtf-print.hr\/wp-content\/uploads\/2025\/03\/IMG_20250320_123816-2048x1536.jpg 2048w, https:\/\/dtf-print.hr\/wp-content\/uploads\/2025\/03\/IMG_20250320_123816-1440x1080.jpg 1440w\" sizes=\"(max-width: 1024px) 100vw, 1024px\" \/><\/figure>\n\n\n\n<figure class=\"wp-block-image size-large\"><img loading=\"lazy\" decoding=\"async\" width=\"1024\" height=\"768\" data-id=\"111\" src=\"https:\/\/dtf-print.hr\/wp-content\/uploads\/2025\/03\/IMG_20250320_123943-1-1024x768.jpg\" alt=\"\" class=\"wp-image-111\" srcset=\"https:\/\/dtf-print.hr\/wp-content\/uploads\/2025\/03\/IMG_20250320_123943-1-1024x768.jpg 1024w, https:\/\/dtf-print.hr\/wp-content\/uploads\/2025\/03\/IMG_20250320_123943-1-300x225.jpg 300w, https:\/\/dtf-print.hr\/wp-content\/uploads\/2025\/03\/IMG_20250320_123943-1-768x576.jpg 768w, https:\/\/dtf-print.hr\/wp-content\/uploads\/2025\/03\/IMG_20250320_123943-1-1536x1152.jpg 1536w, https:\/\/dtf-print.hr\/wp-content\/uploads\/2025\/03\/IMG_20250320_123943-1-2048x1536.jpg 2048w, https:\/\/dtf-print.hr\/wp-content\/uploads\/2025\/03\/IMG_20250320_123943-1-1440x1080.jpg 1440w\" sizes=\"(max-width: 1024px) 100vw, 1024px\" \/><\/figure>\n\n\n\n<figure class=\"wp-block-image size-large\"><img loading=\"lazy\" decoding=\"async\" width=\"1024\" height=\"768\" data-id=\"121\" src=\"https:\/\/dtf-print.hr\/wp-content\/uploads\/2025\/03\/IMG_20250320_124142-1024x768.jpg\" alt=\"\" class=\"wp-image-121\" srcset=\"https:\/\/dtf-print.hr\/wp-content\/uploads\/2025\/03\/IMG_20250320_124142-1024x768.jpg 1024w, https:\/\/dtf-print.hr\/wp-content\/uploads\/2025\/03\/IMG_20250320_124142-300x225.jpg 300w, https:\/\/dtf-print.hr\/wp-content\/uploads\/2025\/03\/IMG_20250320_124142-768x576.jpg 768w, https:\/\/dtf-print.hr\/wp-content\/uploads\/2025\/03\/IMG_20250320_124142-1536x1152.jpg 1536w, https:\/\/dtf-print.hr\/wp-content\/uploads\/2025\/03\/IMG_20250320_124142-2048x1536.jpg 2048w, https:\/\/dtf-print.hr\/wp-content\/uploads\/2025\/03\/IMG_20250320_124142-1440x1080.jpg 1440w\" sizes=\"(max-width: 1024px) 100vw, 1024px\" \/><\/figure>\n<\/figure>\n\n\n\n<h3 class=\"wp-block-heading\">\u0160alice<\/h3>\n\n\n\n<figure class=\"wp-block-gallery has-nested-images columns-2 is-cropped wp-block-gallery-2 is-layout-flex wp-block-gallery-is-layout-flex\">\n<figure class=\"wp-block-image size-large\"><img loading=\"lazy\" decoding=\"async\" width=\"1024\" height=\"768\" data-id=\"116\" src=\"https:\/\/dtf-print.hr\/wp-content\/uploads\/2025\/03\/IMG_20250320_122051-1024x768.jpg\" alt=\"\" class=\"wp-image-116\" srcset=\"https:\/\/dtf-print.hr\/wp-content\/uploads\/2025\/03\/IMG_20250320_122051-1024x768.jpg 1024w, https:\/\/dtf-print.hr\/wp-content\/uploads\/2025\/03\/IMG_20250320_122051-300x225.jpg 300w, https:\/\/dtf-print.hr\/wp-content\/uploads\/2025\/03\/IMG_20250320_122051-768x576.jpg 768w, https:\/\/dtf-print.hr\/wp-content\/uploads\/2025\/03\/IMG_20250320_122051-1536x1152.jpg 1536w, https:\/\/dtf-print.hr\/wp-content\/uploads\/2025\/03\/IMG_20250320_122051-2048x1536.jpg 2048w, https:\/\/dtf-print.hr\/wp-content\/uploads\/2025\/03\/IMG_20250320_122051-1440x1080.jpg 1440w\" sizes=\"(max-width: 1024px) 100vw, 1024px\" \/><\/figure>\n\n\n\n<figure class=\"wp-block-image size-large\"><img loading=\"lazy\" decoding=\"async\" width=\"1024\" height=\"819\" data-id=\"160\" src=\"https:\/\/dtf-print.hr\/wp-content\/uploads\/2025\/03\/salice1-1024x819.jpg\" alt=\"\" class=\"wp-image-160\" srcset=\"https:\/\/dtf-print.hr\/wp-content\/uploads\/2025\/03\/salice1-1024x819.jpg 1024w, https:\/\/dtf-print.hr\/wp-content\/uploads\/2025\/03\/salice1-300x240.jpg 300w, https:\/\/dtf-print.hr\/wp-content\/uploads\/2025\/03\/salice1-768x614.jpg 768w, https:\/\/dtf-print.hr\/wp-content\/uploads\/2025\/03\/salice1-1536x1229.jpg 1536w, https:\/\/dtf-print.hr\/wp-content\/uploads\/2025\/03\/salice1-2048x1638.jpg 2048w, https:\/\/dtf-print.hr\/wp-content\/uploads\/2025\/03\/salice1-1350x1080.jpg 1350w\" sizes=\"(max-width: 1024px) 100vw, 1024px\" \/><\/figure>\n<\/figure>\n\n\n\n<h3 class=\"wp-block-heading\">Platnene vre\u0107ice<\/h3>\n\n\n\n<figure class=\"wp-block-gallery has-nested-images columns-default is-cropped wp-block-gallery-3 is-layout-flex wp-block-gallery-is-layout-flex\">\n<figure class=\"wp-block-image size-large\"><img loading=\"lazy\" decoding=\"async\" width=\"1024\" height=\"768\" data-id=\"118\" src=\"https:\/\/dtf-print.hr\/wp-content\/uploads\/2025\/03\/IMG_20250320_123445-3-1024x768.jpg\" alt=\"\" class=\"wp-image-118\" srcset=\"https:\/\/dtf-print.hr\/wp-content\/uploads\/2025\/03\/IMG_20250320_123445-3-1024x768.jpg 1024w, https:\/\/dtf-print.hr\/wp-content\/uploads\/2025\/03\/IMG_20250320_123445-3-300x225.jpg 300w, https:\/\/dtf-print.hr\/wp-content\/uploads\/2025\/03\/IMG_20250320_123445-3-768x576.jpg 768w, https:\/\/dtf-print.hr\/wp-content\/uploads\/2025\/03\/IMG_20250320_123445-3-1536x1152.jpg 1536w, https:\/\/dtf-print.hr\/wp-content\/uploads\/2025\/03\/IMG_20250320_123445-3-2048x1536.jpg 2048w, https:\/\/dtf-print.hr\/wp-content\/uploads\/2025\/03\/IMG_20250320_123445-3-1440x1080.jpg 1440w\" sizes=\"(max-width: 1024px) 100vw, 1024px\" \/><\/figure>\n<\/figure>\n","protected":false},"excerpt":{"rendered":"<p>U na\u0161oj ponudi prona\u0107i \u0107ete sve \u0161to vam treba za personalizirane poklone, promotivne proizvode ili vlastite ideje \u2013 tisak na \u0161alice, tekstil, platnene vre\u0107ice, kape i jo\u0161 mnogo toga. Majice \u0160alice Platnene vre\u0107ice<\/p>\n","protected":false},"author":1,"featured_media":0,"parent":0,"menu_order":0,"comment_status":"closed","ping_status":"closed","template":"","meta":{"saved_in_kubio":true,"footnotes":""},"class_list":["post-100","page","type-page","status-publish","hentry"],"kubio_ai_page_context":{"short_desc":"","purpose":"general"},"_links":{"self":[{"href":"https:\/\/dtf-print.hr\/index.php\/wp-json\/wp\/v2\/pages\/100","targetHints":{"allow":["GET"]}}],"collection":[{"href":"https:\/\/dtf-print.hr\/index.php\/wp-json\/wp\/v2\/pages"}],"about":[{"href":"https:\/\/dtf-print.hr\/index.php\/wp-json\/wp\/v2\/types\/page"}],"author":[{"embeddable":true,"href":"https:\/\/dtf-print.hr\/index.php\/wp-json\/wp\/v2\/users\/1"}],"replies":[{"embeddable":true,"href":"https:\/\/dtf-print.hr\/index.php\/wp-json\/wp\/v2\/comments?post=100"}],"version-history":[{"count":12,"href":"https:\/\/dtf-print.hr\/index.php\/wp-json\/wp\/v2\/pages\/100\/revisions"}],"predecessor-version":[{"id":161,"href":"https:\/\/dtf-print.hr\/index.php\/wp-json\/wp\/v2\/pages\/100\/revisions\/161"}],"wp:attachment":[{"href":"https:\/\/dtf-print.hr\/index.php\/wp-json\/wp\/v2\/media?parent=100"}],"curies":[{"name":"wp","href":"https:\/\/api.w.org\/{rel}","templated":true}]}}